rime factors of j(n)?
59
Let d(v) = 5*v**3 + v**2 - 4*v - 4. Let t(a) = -a**3 + a**2 + a + 1. Let k(i) = -d(i) - t(i). List the prime factors of k(-2).
3, 7
Let a(o) = -o**3 - 3*o**2 - 6*o - 3. Let t be a(-2). Suppose -3*m - 5*c = 14, -26 = 5*m + t*c - 6. What are the prime factors of ((-1)/m)/(1/129)?
43
Let a(i) = 19*i + 280. What are the prime factors of a(-12)?
2, 13
Let s = 30 + -26. Let d be (-3)/6 + 558/s. Suppose 3*g - d = 86. What are the prime factors of g?
3, 5
Suppose -36*u + 43*u = 1169. List the prime factors of u.
167
Suppose -7*q + 1601 + 15675 = 0. What are the prime factors of q?
2, 617
What are the prime factors of 2/(-12) + (-472901)/(-858)?
19, 29
List the prime factors of (-1 - (-26)/4)*174.
3, 11, 29
What are the prime factors of -6 - 0 - (30996/(-7))/4?
3, 367
Let s(r) = -83*r + 68. List the prime factors of s(-3).
317
Let o(m) = 8*m**3 - 5*m**2 + 16. List the prime factors of o(5).
3, 11
Suppose -b - 80 = -6*b. Let p be (-442)/(-8) - 4/b. Suppose p = 3*y - 14. List the prime factors of y.
23
Suppose -2*r = 4*b - 46, 11 = 2*b + 7*r - 2*r. Let a = -7 - 2. Let n = b - a. What are the prime factors of n?
2, 11
Let v = -19 - -60. Suppose 5*f - v = 74. What are the prime factors of f?
23
Suppose -3*h + 8 = -h. Let z(y) = -y - h*y**2 + y**3 - 3*y + y + 6. List the prime factors of z(5).
2
Let j = 263 + -114. Let q = -91 + j. What are the prime factors of q?
2, 29
Let y(r) be the third derivative of -r**6/120 + r**5/15 - r**3/2 - 2*r**2. Let d = -25 - -28. List the prime factors of y(d).
2, 3
Let k be (0 - 2/(-2))/((-15)/(-60)). Suppose k*p = 3*d + 5*p - 140, 0 = 4*d - 5*p - 212. What are the prime factors of d?
2, 3
Let r(t) = -t**3 - 46*t**2 + 46*t + 7. List the prime factors of r(-47).
2, 3
Let m(d) = -d**3 - 6*d**2 - 2*d + 1. Let l be m(-2). Let i = l - -11. Suppose -5*w + 5*z = 23 - 163, -4*w + 2*z + 106 = i. List the prime factors of w.
5
Let n(m) = -10 + 594*m - 581*m - m**2 + 0*m**2. What are the prime factors of n(8)?
2, 3, 5
Let i = 9 + -9. Suppose 3*f + 37 = -5*q, -5*f - q - 9 - 16 = i. Let y = f + 34. What are the prime factors of y?
2, 3, 5
Let q(z) = z**2 - z - 5. Suppose 3*x + 1 = -8. Let u = -2 + x. List the prime factors of q(u).
5
Let y = 12 - 3. Suppose -5*v = 0, -2*v + 7 + y = -2*u. Let c = 36 + u. What are the prime factors of c?
2, 7
Let u = 6128 - 4154. List the prime factors of u.
2, 3, 7, 47
List the prime factors of -1 + 11 + (-25 - -20) - -151.
2, 3, 13
Suppose -j = -m + 261, 3*j = -4*m + 666 + 399. What are the prime factors of m?
2, 3, 11
Let q = 794 - -1783. What are the prime factors of q?
3, 859
Suppose a - 2 = 0, -5*r + 6049 = -4*a + a. What are the prime factors of r?
7, 173
Suppose -2*n = l + 3, -4*l + 18 = -n - 15. Let w(b) = -b**2 + 9*b + 4. Let c be w(l). Let h = 73 - c. What are the prime factors of h?
5, 11
Let t = -1018 + 1259. List the prime factors of t.
241
Suppose 0 = 2*k + 3*k - 15. Suppose 5*l - 5*b - 14 = 16, 6 = -k*l - 3*b. Suppose 2*m = 3*a + 73, -l*a + 179 = 5*m - 6*a. List the prime factors of m.
5, 7
Suppose 0 = -2*b + 5*b + 42. Let z be (4/14)/((-1)/b). Let y(p) = 16*p + 2. List the prime factors of y(z).
2, 3, 11
Suppose 0 = -8*y + 5*y - 18. Let f(n) = -n**3 - 4*n**2 + 5*n. List the prime factors of f(y).
2, 3, 7
Let s(l) = 8*l**2 + 11*l + 29. List the prime factors of s(-6).
251
Suppose -1 = 3*x - 2*j, x + 11 = -2*x + 4*j. Let k be 63 + (1 - 9/x). Let y = -26 + k. What are the prime factors of y?
5, 7
Let o(x) = 34*x + 230. What are the prime factors of o(7)?
2, 3, 13
Suppose 16*d - 1845 = 11*d. List the prime factors of d.
3, 41
Suppose -2*t + 3*w = -6338, w = 6*w - 20. List the prime factors of t.
5, 127
Let l be 4 + (2*-99 - -1). Let a = 279 + l. What are the prime factors of a?
2, 43
List the prime factors of 3 + 280 - (-14 + 13).
2, 71
Let s(w) = 2*w**2 - 3*w - 4. Let g be s(4). Let f = g + 2. Suppose -f = 5*c - 7*c. What are the prime factors of c?
3
Suppose -20*a + 4*a = -10144. List the prime factors of a.
2, 317
Suppose 21*h = 3*h + 12186. List the prime factors of h.
677
Let v(m) = -116 + 65*m - 13*m + 117. What are the prime factors of v(1)?
53
What are the prime factors of (-6)/16 + -39*(-2230)/240?
2, 181
Suppose 10*t - 31*t + 16443 = 0. What are the prime factors of t?
3, 29
Let u = -1 + -4. Let b = -1 - u. Suppose 10 = -2*t, 9 = -z - b*t - 0. List the prime factors of z.
11
Let s = 48 + -30. Suppose 0*a - s = -6*a. What are the prime factors of (67 - (7 - a))*1?
3, 7
Let z(d) = d**2 + 13*d - 25. Let r be z(-15). Let x(q) = -q - 2. Let o be x(-2). Suppose -5*a = r, 2*b + o*a + 2*a = 76. List the prime factors of b.
3, 13
Suppose 17*u - 34863 + 11760 = 0. What are the prime factors of u?
3, 151
List the prime factors of (3/(-5))/(102/(-45900)).
2, 3, 5
Let y(l) = 8*l**2 - 2*l - 6. Let g be y(-3). Suppose 0 = 3*c + m - 194, -14 + g = c - 3*m. List the prime factors of c.
2
Let n(g) = -g - 9. Let p be n(-9). Suppose p = -q - 2, -3*i + 7*i - q - 6 = 0. List the prime factors of -1 + 87/3 - i.
3
Let y be ((-2)/6)/((-2)/(-102)). Let r = -25 - y. List the prime factors of (-4)/(-16) + (-454)/r.
3, 19
Suppose 7*v = 5*v. Suppose v = -4*g - 4 - 0. Let n(h) = 11*h**2 + 2*h + 1. What are the prime factors of n(g)?
2, 5
Let u(i) = 2*i - 8. Let r be u(5). Suppose 0 = -2*f + 4, r*f + 2*f = 5*v - 162. List the prime factors of v.
2, 17
Let x be 0 - ((-50)/18 - 8/36). Let l(z) = 4*z**3 + 2*z**2 - 5*z - 7. List the prime factors of l(x).
2, 13
Suppose -5*d - 4*l + 4 = 0, 0 = -3*d - l + 1. Suppose d = -8*m + 3*m. Suppose z + x - 46 = m, 2*z = -2*z - x + 178. List the prime factors of z.
2, 11
Suppose 4*d + 2*s - s = 184, 5*d = s + 239. Let x = d + -41. List the prime factors of x.
2, 3
Let b = -7 + 8. Suppose 0 = -4*o + 3 + b, 3*o = -5*u + 108. What are the prime factors of u?
3, 7
Let h(c) = 33*c**2 + 2*c. Let q = -37 + 38. List the prime factors of h(q).
5, 7
Let n = -2138 + 3860. What are the prime factors of n?
2, 3, 7, 41
Suppose -3*l = -s - 0*s - 13468, -2*l + 2*s = -8980. List the prime factors of l.
67
Suppose -6*w + 7*w + 8 = 0. Let y = 22 + w. List the prime factors of y.
2, 7
Let s(p) = 9*p - 11. Let l be s(11). List the prime factors of -1*5/(-10)*l.
2, 11
Let l(c) = -3*c**2 + 2*c + 3. Let o be l(-2). Let t(n) = -1 - 3*n**3 + 4*n**3 - 14*n + 12*n**2 + 4 + 5. What are the prime factors of t(o)?
3, 7
Let o(j) = j**2 + 3*j + 6. Suppose 0 = -5*z + 4*z - 4. What are the prime factors of o(z)?
2, 5
Let l(a) = 12*a**2 + 6*a + 44. What are the prime factors of l(-7)?
2, 5, 59
Suppose -5*w = 0, 5*q + 1065 = 6*q - w. What are the prime factors of q?
3, 5, 71
Suppose -39*g - 19845 = -46*g. List the prime factors of g.
3, 5, 7
Let g(t) be the third derivative of t**6/120 + t**5/60 - t**4/12 + 87*t**3/2 + 2*t**2 - 6*t. List the prime factors of g(0).
3, 29
Suppose 50*z - 46*z = 5044. List the prime factors of z.
13, 97
Suppose -3160 = -2*b + 192. What are the prime factors of b?
2, 419
Suppose -4*c = -2*z - 87 - 37, 0 = 2*z + 4*c + 84. What are the prime factors of ((-18)/8)/((z/(-192))/(-13))?
2, 3
Suppose -3*c - 10*c = -4108. What are the prime factors of c?
2, 79
Let t = 199 - 70. What are the prime factors of t?
3, 43
Let n(l) = l**3 + 6*l**2 + 5*l + 3. Let h = 1 + -1. Suppose -2*o + 3*c + c - 8 = h, o + 4 = 4*c. What are the prime factors of n(o)?
3, 5
Suppose 0 = -90*d + 174711 + 98079. List the prime factors of d.
7, 433
Let s = -36 + 33. Let h(d) = -d**3 - d**2 + 5*d + 5. List the prime factors of h(s).
2
Let m(j) = -2*j**3 + 18*j**2 + 2*j + 13. What are the prime factors of m(8)?
157
Let c = -2 + 1. Let t(f) = -f + 20. Let h be t(14). What are the prime factors of c/h + (-365)/(-30)?
2, 3
Suppose g - 214 = 599. What are the prime factors of g?
3, 271
Let h(k) = 5*k**2 + 137*k + 69. What are the prime factors of h(-36)?
3, 7, 11
Let t = -1 - -262. Let k = -119 + t. List the prime factors of k.
2, 71
Let w = -52 - -77. Let a = w - -25. What are the prime factors of a?
2, 5
Suppose 0 = 5*a + 5*o + 120, 3*a - 45 = -5*o - 125. Let h(n) = -2*n**2 - 4*n - 2. Let s be h(-2). Let b = s - a. List the prime factors of b.
2, 3
Let k(m) = -m**3 - 7*m**2 - 2*m - 13. Let o be k(-7). Let h(p) = 12*p - 3. What are the prime factors of h(o)?
3
Suppose 581 = 9*q - 3262. List the pri